 25530 is divided by 80.
10
Calculate the remainder when 2527 is divided by 250.
27
What is the remainder when 6852 is divided by 456?
12
What is the remainder when 526505 is divided by 37607?
7
Calculate the remainder when 4330 is divided by 859.
35
What is the remainder when 2765 is divided by 650?
165
Calculate the remainder when 39989 is divided by 7.
5
Calculate the remainder when 4146 is divided by 1496.
1154
Calculate the remainder when 1431 is divided by 410.
201
Calculate the remainder when 44142 is divided by 62.
60
Calculate the remainder when 41420 is divided by 3181.
67
Calculate the remainder when 100202 is divided by 20036.
22
Calculate the remainder when 1166065 is divided by 9.
7
Calculate the remainder when 414 is divided by 23.
0
Calculate the remainder when 12699 is divided by 2103.
81
Calculate the remainder when 4060 is divided by 6.
4
What is the remainder when 3975 is divided by 16?
7
Calculate the remainder when 8110 is divided by 2334.
1108
Calculate the remainder when 38319 is divided by 256.
175
What is the remainder when 912729 is divided by 910?
909
Calculate the remainder when 30200 is divided by 297.
203
Calculate the remainder when 10546 is divided by 3481.
103
What is the remainder when 1898 is divided by 1258?
640
Calculate the remainder when 304087 is divided by 4001.
11
What is the remainder when 612186 is divided by 42?
36
Calculate the remainder when 13235 is divided by 1108.
1047
What is the remainder when 7858 is divided by 1564?
38
What is the remainder when 5783 is divided by 196?
99
What is the remainder when 48513 is divided by 16166?
15
Calculate the remainder when 9427 is divided by 197.
168
Calculate the remainder when 891 is divided by 255.
126
Calculate the remainder when 2193 is divided by 197.
26
What is the remainder when 149288 is divided by 29?
25
Calculate the remainder when 2455 is divided by 40.
15
Calculate the remainder when 16402 is divided by 44.
34
Calculate the remainder when 1484 is divided by 113.
15
Calculate the remainder when 4138 is divided by 467.
402
What is the remainder when 1687 is divided by 568?
551
What is the remainder when 2498 is divided by 169?
132
Calculate the remainder when 583738 is divided by 46.
44
What is the remainder when 98039 is divided by 344?
343
Calculate the remainder when 4319 is divided by 15.
14
Calculate the remainder when 1282870 is divided by 31.
28
What is the remainder when 34446 is divided by 49?
48
Calculate the remainder when 680569 is divided by 46.
45
What is the remainder when 187498 is divided by 1302?
10
What is the remainder when 21431 is divided by 4286?
1
Calculate the remainder when 588 is divided by 52.
16
What is the remainder when 2240678 is divided by 1612?
1610
Calculate the remainder when 61909 is divided by 20325.
934
What is the remainder when 123547 is divided by 156?
151
What is the remainder when 19363 is divided by 2419?
11
What is the remainder when 2226 is divided by 726?
48
What is the remainder when 39738 is divided by 16?
10
Calculate the remainder when 655268 is divided by 670.
8
What is the remainder when 23345 is divided by 193?
185
Calculate the remainder when 7928 is divided by 3901.
126
Calculate the remainder when 23081 is divided by 76.
53
What is the remainder when 9438 is divided by 784?
30
Calculate the remainder when 890316 is divided by 68.
60
What is the remainder when 19221 is divided by 71?
51
Calculate the remainder when 28441 is divided by 835.
51
What is the remainder when 136554 is divided by 240?
234
Calculate the remainder when 2077 is divided by 353.
312
What is the remainder when 781942 is divided by 24?
22
What is the remainder when 34673 is divided by 609?
569
Calculate the remainder when 5670 is divided by 1548.
1026
Calculate the remainder when 278 is divided by 104.
70
Calculate the remainder when 72046 is divided by 1126.
1108
What is the remainder when 1015322 is divided by 26?
22
What is the remainder when 12843 is divided by 1832?
19
Calculate the remainder when 1533 is divided by 148.
53
What is the remainder when 131036 is divided by 288?
284
Calculate the remainder when 714572 is divided by 101.
98
What is the remainder when 99482 is divided by 68?
66
Calculate the remainder when 1236715 is divided by 80.
75
What is the remainder when 306988 is divided by 36?
16
What is the remainder when 2833 is divided by 79?
68
What is the remainder when 11308 is divided by 66?
22
Calculate the remainder when 1280604 is divided by 1042.
1028
What is the remainder when 10977 is divided by 121?
87
Calculate the remainder when 1859 is divided by 370.
9
Calculate the remainder when 6587 is divided by 549.
548
What is the remainder when 2989 is divided by 224?
77
What is the remainder when 7368 is divided by 520?
88
Calculate the remainder when 20412 is divided by 619.
604
What is the remainder when 3213 is divided by 15?
3
Calculate the remainder when 29875 is divided by 3708.
211
Calculate the remainder when 41051 is divided by 8210.
1
Calculate the remainder when 8052 is divided by 7925.
127
What is the remainder when 44045 is divided by 14650?
95
What is the remainder when 977033 is divided by 977033?
0
What is the remainder when 1276 is divided by 57?
22
Calculate the remainder when 67660 is divided by 27.
25
Calculate the remainder when 21859 is divided by 190.
9
What is the remainder when 190 is divided by 86?
18
Calculate the remainder when 799 is divided by 59.
32
What is the remainder when 3517 is divided by 21?
10
Calculate the remainder when 42026 is divided by 21013.
0
What is the remainder when 3080 is divided by 239?
212
Calculate the remainder when 32869 is divided by 6565.
44
Calculate the remainder when 38608 is divided by 230.
198
What is the remainder when 573106 is divided by 114615?
31
What is the remainder when 11416 is divided by 27?
22
What is the remainder when 11228 is divided by 390?
308
Calculate the remainder when 80574 is divided by 275.
274
Calculate the remainder when 218610 is divided by 172.
170
Calculate the remainder when 8253 is divided by 3.
0
Calculate the remainder when 162773 is divided by 20.
13
Calculate the remainder when 593943 is divided by 34.
31
What is the remainder when 99321 is divided by 14188?
5
Calculate the remainder when 39294 is divided by 771.
744
What is the remainder when 147667 is divided by 76?
75
What is the remainder when 1049 is divided by 205?
24
What is the remainder when 8769 is divided by 2919?
12
What is the remainder when 108907 is divided by 335?
32
Calculate the remainder when 658823 is divided by 4278.
11
Calculate the remainder when 96036 is divided by 722.
10
What is the remainder when 58309 is divided by 215?
44
Calculate the remainder when 33708 is divided by 29.
10
Calculate the remainder when 10196 is divided by 2531.
72
Calculate the remainder when 38558 is divided by 12850.
8
Calculate the remainder when 618642 is divided by 407.
2
Calculate the remainder when 10476 is divided by 551.
7
What is the remainder when 9646 is divided by 58?
18
Calculate the remainder when 221091 is divided by 134.
125
What is the remainder when 12194 is divided by 249?
242
What is the remainder when 176698 is divided by 752?
730
Calculate the remainder when 170405 is divided by 239.
237
What is the remainder when 10652 is divided by 67?
66
What is the remainder when 4894 is divided by 221?
32
Calculate the remainder when 823837 is divided by 542.
539
What is the remainder when 143396 is divided by 30?
26
Calculate the remainder when 89736 is divided by 89729.
7
Calculate the remainder when 3257 is divided by 3218.
39
Calculate the remainder when 9030 is divided by 451.
10
Calculate the remainder when 7886 is divided by 1097.
207
Calculate the remainder when 6167 is divided by 509.
59
What is the remainder when 916 is divided by 755?
161
Calculate the remainder when 108125 is divided by 318.
5
Calculate the remainder when 122376 is divided by 211.
207
Calculate the remainder when 436445 is divided by 613.
602
Calculate the remainder when 2368 is divided by 156.
28
Calculate the remainder when 371336 is divided by 123.
122
Calculate the remainder when 68677 is divided by 3270.
7
What is the remainder when 3011 is divided by 715?
151